 3*v + 9. Let l be (1 - (-2)/1)/(177/(-118)). Let q be (3 - (-4 + 4))*l. What is k(q)?
-9
Let t(z) = -z**2 - 17*z + 3. Suppose 2*l + 5*d + 26 = 5, -3*d + 99 = -5*l. Calculate t(l).
-15
Let v(r) = 4*r + 0*r + 6 - 15 - 3*r - 4. Calculate v(9).
-4
Let o(x) = 23*x**2 + 6*x + 8. Let h(m) = 13*m**2 + 3*m + 4. Let z(s) = 7*h(s) - 4*o(s). What is z(-5)?
-14
Let p(t) = 2*t**2 + 1 + 0 - t**2 - 8*t. Let w(m) = m**3 - 14*m**2 + 15*m - 24. Let b be w(13). Suppose 3*z + 2*f = b*z + 6, 24 = 4*z - 4*f. Calculate p(z).
-11
Let r(b) be the second derivative of -b**4/12 - 5*b**3/6 - 2*b**2 + b. Suppose -4*x - 36 = -3*h - 0*x, -h - x + 12 = 0. Suppose -2*z = -6*z - h. Give r(z).
2
Let t(x) = -x**2 - x + 1. Let n(m) = -4*m + 3. Let u(b) = -n(b) + t(b). Let r(z) = -3*z**2 + 6*z - 5. Let i(k) = 2*r(k) - 5*u(k). Calculate i(-4).
-4
Let c(w) = w**2 + 3*w - 1. Let t be c(-4). Let u(a) be the first derivative of a**2/2 + 3*a - 286. Give u(t).
6
Let h(d) = d**3 + 11*d**2. Suppose -211 = 40*v + 229. Calculate h(v).
0
Let s = -1 - -1. Let v(k) = k**2 - k - 4. Let o(f) = -3*f**2 + 3*f + 14. Let i(u) = 2*o(u) + 7*v(u). Calculate i(s).
0
Suppose -4*k - 3 = -3. Let y(o) = -14 + k*o + 5*o**3 - o**2 + 13 - 2*o. What is y(-1)?
-5
Suppose -40*y - 1 = -41*y. Let a(s) = -2*s - 1 + 4*s + 0*s + 5*s. Calculate a(y).
6
Let t(v) be the first derivative of v**3/3 - 2*v**2 - v - 1. Let d(l) = l**3 + 7*l**2 - 12*l - 9. Let r be d(-8). Let g = r + -19. Determine t(g).
-1
Suppose -3*v = -2*n - 22, -4*v - 26 = -7*v + 4*n. Suppose v = w + 11. Let b(g) = -2*g - 7 + 2 - 2. Give b(w).
3
Let h be (-22)/(-10) - 1/5. Suppose h*t = 3 + 7. Suppose -15 = t*c + 5. Let o(j) = j**2 + j - 1. Calculate o(c).
11
Let k(w) = -1 + 23*w**2 + 3*w**2 - 294*w + 293*w. Give k(-1).
26
Let m(a) = 3*a + 15 + 39 + 4*a**2 + a**3 - 56. Calculate m(-5).
-42
Let m(n) = -22*n**2. Let d = -1204 - -1203. Calculate m(d).
-22
Let s(k) = -9 - 4 + 3*k**2 - 5 - 4*k**2 + 6*k**2 - 38*k. Calculate s(8).
-2
Let x = -65 - -79. Let l = x + -21. Let w(o) = o**3 + 8*o**2 + 5*o - 8. What is w(l)?
6
Let x(k) = -38. Let a(p) = p + 10. Let d(o) = -9*a(o) - 2*x(o). Calculate d(0).
-14
Let h(n) = n**3 - 13*n**2 + n - 9. Let v be h(13). Let w(r) = -2*r**2 + 5*r**2 - v*r**2 + 3 + 2*r. Calculate w(-2).
-5
Suppose -198 = -3*j + 126. Let n = j - 101. Let m(u) = u - 6. Determine m(n).
1
Let x = 6 - 11. Let b(y) = -y. Let q(s) = -3*s. Let c(t) = 19*b(t) - 6*q(t). Determine c(x).
5
Let m(h) = -69*h**2 + 69*h**2 + h**3 + 19. What is m(0)?
19
Let r(c) = -c + 3. Let z = 14 - 4. Let p be 320/(-100) + 1 + (-8)/z. What is r(p)?
6
Let o be (-70)/(-175) + (-8)/(-5). Let m(q) = 10*q**2 + 2*q - 2. What is m(o)?
42
Let k(m) = -m**3 - m**2 + 5. Let v be k(0). Suppose -5*x = -25 - v. Let g(n) be the second derivative of n**3/6 - n**2/2 + 2*n. Determine g(x).
5
Let f(y) be the second derivative of -y**3/2 + 2*y**2 - y. Suppose 0 = -9*r + 138 - 102. Calculate f(r).
-8
Let z(s) = 5*s**2 - 5*s - 12. Let c(r) = -r**2 + 1. Let m(t) = 6*c(t) + z(t). Suppose 12*l + 5*d = 13*l - 20, 0 = 4*l - d + 15. Calculate m(l).
-6
Let v(s) = -74*s + 6 + s**3 - 2 + 134*s - 3*s**2 + 8*s**2 - 55*s. Determine v(-4).
0
Let p(u) = 4*u**2 + 7*u - 11. Let w(d) = 7*d**2 + 13*d - 21. Let l(z) = -5*p(z) + 3*w(z). Let f be -1 - -1 - (27 - 3)/4. What is l(f)?
4
Let x(f) = -f**3 - 6*f**2 - 7*f - 5. Let v(a) be the second derivative of a**3/6 + 17*a**2/2 - 4*a. Let c be v(-13). Suppose l + 25 = -c*l. Determine x(l).
5
Let f(j) = j**2 + 7*j + 8. Let m be f(-6). Let n(a) = -a**2 - a + 2. Calculate n(m).
-4
Let k(q) = -3*q - 10. Let y(g) = 2*g - 2. Let o(c) = -k(c) - 2*y(c). Calculate o(-11).
25
Let x(q) = -q + 10. Let d = 30 - -3. Let j = 33 - d. Give x(j).
10
Suppose 9*i + 6 = 186. Let f be (6/5 - 0)*i/8. Let q(z) = -z**3 + 2*z**2 + 2*z + 2. Give q(f).
-1
Let f(s) be the second derivative of -10*s + 0 + 1/6*s**3 + 3/2*s**2. Let h = -24 - -17. Give f(h).
-4
Let m be (15/(-12) - 247/(-76)) + -2. Let j(x) be the second derivative of m + 0*x**2 - 2/3*x**3 + 2*x + 1/6*x**4. Calculate j(3).
6
Let t(v) be the third derivative of 0*v**4 - 19*v**2 + 1/6*v**3 + 0 + 0*v - 1/40*v**6 - 1/60*v**5. Give t(-1).
3
Let v = 52 + -48. Let q(c) = -c**2 - c - 1. Let k(d) = 3*d**2 - 3*d + 12. Let g(o) = v*q(o) + k(o). Give g(-7).
8
Suppose -2*q = w - 6*w + 36, 0 = 3*w + 2*q - 12. Let a be ((-1)/(-2) + -2)*-2. Let m(b) = b - 5*b**2 - 2*b**3 + 0*b**3 + 2 + b**a + w*b. Determine m(-6).
-4
Let o(i) = 11*i + 6*i - 31*i + 1 + 15*i - 2*i**2. Suppose 3*f - t = 2*t + 18, -5*f + t + 18 = 0. What is o(f)?
-14
Let i(b) = -4*b**2 + b + 2. Let d = 55 - 58. Let a(q) = -5*q**2 + 2*q + 2. Let g(v) = -5*v - 1. Let m be g(-1). Let t(p) = d*a(p) + m*i(p). Give t(-2).
2
Let g be 11 + -3*136/36 - (-2)/6. Let t(z) be the third derivative of -z**2 + 0*z - 4/3*z**3 - 1/24*z**4 + 0. Give t(g).
-8
Let m(p) = p**2 - 6*p + 7. Let t be m(4). Let n(u) = -u**2. Let f be n(t). Let c(l) = 12*l**2 - l - 1. Calculate c(f).
12
Let x be 7 - (-7)/((-21)/6). Suppose 3*g + 3*h = g + 15, -2*g + 25 = x*h. Let c(p) = g*p - 6*p + p**2 + 1 - p + 6*p. What is c(1)?
1
Let m(l) be the second derivative of -l**6/120 + l**5/15 + l**4/4 + l**3/3 - 4*l**2 + 4*l. Let a(o) be the first derivative of m(o). Calculate a(5).
7
Let q(v) be the first derivative of -v**7/840 + 7*v**6/360 - 3*v**5/40 + v**4/8 + 16*v**3/3 + 4. Let u(j) be the third derivative of q(j). Determine u(6).
-15
Let c(j) = j**3 - 6*j**2 + j. Let f be c(6). Let d(s) = -4 - f*s + 0 + 2*s + s. Give d(-3).
5
Let u(h) = -2 + 228*h - 108*h - 111*h. What is u(1)?
7
Let o(v) = v + 106. Let m(n) = 60. Let x(r) = 7*m(r) - 4*o(r). Give x(-3).
8
Let c(b) = -6*b**2 - 8*b - 1. Let a(u) = 9*u - 5. Let p(z) = z**2 + 9*z - 4. Let r(m) = -6*a(m) + 7*p(m). Let d(y) = -6*c(y) - 5*r(y). Give d(-3).
-4
Let b(q) = -7*q**3 + 4 - 6*q - 6*q**2 + 2*q**2 - q**2 + 8 + 8*q**3. Calculate b(5).
-18
Let o(i) = 7*i. Let l = 312 + -309. Give o(l).
21
Let m(n) = -10*n**3 + 3*n**2 - n + 1. Let p(i) = 11*i**3 - 4*i**2 + i - 1. Let a(o) = 3*m(o) + 2*p(o). Let l(z) = z**2 - z - 1. Let x be l(-1). Calculate a(x).
-7
Let m(y) = -y**3 - 6*y**2 - 4*y + 7. Let w be m(-5). Let j be 7 + -9 + 6/w. Let g(p) = -p**2 + 3 - 6*p + 4*p - j - 2*p. Give g(-5).
-3
Suppose z = -8*r + 9*r - 3, -4*r + z = 0. Let t(x) = -9*x**3 + x**2 + 3*x + 2. Determine t(r).
9
Let t(b) be the first derivative of -b**3/3 + 3*b**2/2 + 3*b - 71. Determine t(0).
3
Let y = -161 - -163. Let z(h) = -13*h - y*h + 17*h + 6. Let c(p) = -p + 2. Let d be c(6). Calculate z(d).
-2
Let c(w) = -3*w - 2. Suppose -5*a + 5*n + 30 = -3*a, 2*n = -2*a + 2. Determine c(a).
-17
Let g be 44/330 + 17/(-15). Let p(y) = 24*y**2 + y + 1. What is p(g)?
24
Let p be 75/25 + 4/2. Let d(a) = 3*a - 6. What is d(p)?
9
Let o(p) = -p**2 + 14*p - 13. Let f be o(13). Let n(b) = b**2. What is n(f)?
0
Let x(p) = p + 3. Let c(v) = -1. Let o(n) = -5*c(n) + x(n). Let u(i) = 81*i**2 + 4131*i - 7. Let r be u(-51). Determine o(r).
1
Let j(x) = x**2 - 7*x - 1. Suppose 85*y + 25 = 86*y. Let o = 32 - y. Give j(o).
-1
Suppose j - s = 3*j, -s + 4 = 4*j. Let r(m) = m**3 - 3*m**2 + 4*m - 2. Give r(j).
2
Let l(i) be the third derivative of i**6/360 - i**5/40 + i**4/3 + 5*i**2. Let f(t) be the second derivative of l(t). Determine f(4).
5
Let p(a) = 4926*a**3 + 5 - 4925*a**3 + 7*a**2 + 8*a - 1. Give p(-6).
-8
Suppose -125*a = -119*a - 222. Let w(r) = -78 + 44 - r**2 + a + r. Suppose -5*c - 3*p + 4 + 8 = 0, -2*p - 17 = -5*c. Calculate w(c).
-3
Let v(w) = 6 + w - 3 + 5. Suppose 24*z + 16*z + 408 = -28*z. Calculate v(z).
2
Suppose -8*r - 7 = -o - 11*r, o - 11 = -5*r. Let i(w) = -11*w**3 + w**2. Calculate i(o).
-10
Let z be (0 - 1)*(3 + -3). Suppose z*r + 5*r = 0. Let f(a) = 1 + 2*a - 2*a + a + r*a. Give f(-3).
-2
Let s(t) = -4*t - 2. Let b(p) = 6*p + 4. Let h(o) = 3*b(o) + 5*s(o). Calculate h(5).
-8
Let g(s) be the first derivative of -s**2 - 16*s - 31. What is g(-11)?
6
Let z(m) = m**2 - 6*m + 3. Let i be -2 - (-3 + (3 - 21)). Let y be 3/(i/4 + -4). Determine z(y).
-5
Let p(q) = 28*q**2 + 11*q + 6 - 29*q**2 + 5. Calculate p(10).
21
Let c = -204 - -213. Let h(p) = -p**3 + 8*p**2 + 11*p - 11. What is h(c)?
7
Let z(o) = 0 - 6 + o**3 - 2 + o. Suppose 0 = -5*m + k + 21, 6*k - k = -m + 25. Suppose -4*y + 25 = -4*f + y, 5*f + m = y. What is z(f)?
